e -2*z + 6 = u, 0 = 4*h - z - 124 - 21. What is the tens digit of h?
3
Let s be -2 - (4/(-14) + 4488/(-168)). Suppose -s*x + 5*x = -2480. What is the units digit of x?
4
Suppose 4*q + 46 = 3*j, 4*q - 18 = -5*j + 16. Suppose 9*r + 4*w = j*r + 10, -4*r + 20 = -w. Suppose r*f = -75 + 1353. What is the hundreds digit of f?
2
Let u(w) = w - 12. Let z be u(14). Suppose z*l - 3*y + 2 - 97 = 0, -4*l + 3*y = -199. Let p = l + -4. What is the units digit of p?
8
Suppose -3*p + 87604 = 5*k, 919*p + 58336 = 921*p - 5*k. What is the tens digit of p?
8
Let y(r) = -15*r - 3. Let p be y(6). Let s = 75 + p. Let z = 208 - s. What is the units digit of z?
6
Let f(y) = y**2 + y - 22. Let z be f(4). Let a be 24/16*z/1. Let j(s) = -11*s**3 - s**2 - 6*s - 7. What is the tens digit of j(a)?
9
Let o(b) be the first derivative of -19*b**2/2 + 141*b - 136. What is the hundreds digit of o(-24)?
5
Let p(v) = -1051*v**3 + 9*v**2 + 3*v - 82. What is the hundreds digit of p(-3)?
3
Suppose 1182*i - 1248*i = -1292940. What is the hundreds digit of i?
5
Let i(c) be the third derivative of 1/2*c**3 + 7*c**2 + 0 - 5/24*c**4 + 0*c. What is the tens digit of i(-2)?
1
Suppose -46*d - 3 = -43*d. What is the units digit of (36 + d)*1/((-30)/(-516))?
2
Let v(s) = 1884*s - 6902. What is the hundreds digit of v(6)?
4
Let h(k) = 161 - k - 125 + 127. What is the units digit of h(0)?
3
Suppose 63631 = 27*s - 10*s. Suppose 10*x = -9*x + s. What is the units digit of x?
7
Let n = 73933 + -10500. What is the hundreds digit of n?
4
What is the thousands digit of (1147836/(-287))/(48/(-21) - -2)?
3
Let r(j) = -6*j**3 - 37*j**2 + 71*j - 176. Let x(a) = 2*a**3 + 12*a**2 - 23*a + 58. Let m(u) = -2*r(u) - 7*x(u). What is the hundreds digit of m(-10)?
7
Suppose -8*t = 382 + 1114. What is the tens digit of 25 + -29 + (-2 - t) + 1?
8
Suppose 158318 = 4*z - 5*t, 0 = 3*z - 11*t + 6*t - 118731. What is the tens digit of z?
8
Let h = -2339 - -6849. What is the thousands digit of h?
4
Let t = 123 - -717. Suppose -9*j = -15*j + t. What is the units digit of j?
0
What is the hundreds digit of ((-186)/(-465))/((-28)/(-505390)) - 1/(-7)?
2
Let r = 160 - 196. Let y = 103 - r. What is the tens digit of y?
3
Suppose -164*w + 167*w - 21 = 0, -4*o + w = -88893. What is the ten thousands digit of o?
2
Let g(m) = m**2 + 12*m + 32. Let p be g(-10). Suppose -d + 3*z = -p, -d + 0*z - 3 = 2*z. Suppose -4 = r + d*r, -2*s = -3*r - 177. What is the tens digit of s?
8
Let n(q) = -2*q**3 - 21*q**2 - 11*q - 4. Let p be n(-10). What is the tens digit of 813/2 - ((-39)/p)/13?
0
Suppose 5*o - 12015 = -2*t, 7855 = 4*t - 3*o - 16188. What is the thousands digit of t?
6
Let r = -3753 + 7817. What is the hundreds digit of r?
0
Let a = -557 + 547. What is the hundreds digit of (19428/20)/3 + (-2)/a?
3
Suppose d = -2*d - 5*v + 86746, -2*v = 3*d - 86740. What is the thousands digit of d?
8
What is the hundreds digit of (-142)/923 - (-707059)/13?
3
Let t = -56 + 57. Suppose -9*d = -1 + t. What is the tens digit of 14 - -50 - (d + 3)?
6
Suppose 5*w = -3*m + 4, -5*m - 1 - 1 = 4*w. Let q be w/12 - (-4570)/12. Let c = q + -222. What is the hundreds digit of c?
1
Let d(l) = 14*l + 2. Let p be d(7). Suppose -2*t - 973 = -5*c, -c + 4*t + p = -91. What is the tens digit of c?
9
Let o = 4672 - 2291. What is the hundreds digit of o?
3
Let k = -569 + 589. Suppose k*h = 34*h - 938. What is the tens digit of h?
6
Let t be 0 - -1 - (-10)/5. Let w(h) = 3*h + 1. Let c be w(t). Suppose -130 - c = -4*k. What is the units digit of k?
5
Suppose -z = -3*z + c + 69249, -5*z + 173129 = 4*c. What is the ten thousands digit of z?
3
Let s(z) = -478 - 6*z - 451*z - 479 + 954. What is the tens digit of s(-2)?
1
Suppose 3*i = -5*x - 625356, 0 = i + 5*x - 10*x + 208452. What is the units digit of (-2)/9 + i/(-783)?
6
Suppose 117*g - 107*g = 20. Suppose 4*a - 5*h = 2112, -a + g*h + 271 + 254 = 0. What is the units digit of a?
3
Let z(t) = 8*t**2 + 2*t + 6. Let l be z(5). What is the units digit of ((-21)/(-14))/(4/l)?
1
Let d = 18236 - -11118. What is the ten thousands digit of d?
2
Suppose 5*x - 4*w - w + 25 = 0, 5*x + 25 = -2*w. Let m(c) = c**3 + c**2 - 4*c + 1. Let b be m(x). Let i = b - -159. What is the tens digit of i?
8
Let x(s) = 3*s - 5*s + 5*s - s - 14. Let n be x(7). Suppose 3*h + 5*q + 19 - 256 = n, -q = h - 77. What is the tens digit of h?
7
Let t = 35800 + -11681. What is the tens digit of t?
1
What is the ten thousands digit of 590/6*4869*(-11)/(-165)?
3
Suppose 4*l = 5*d - 118990, 3*d - 8*l = -7*l + 71401. What is the ten thousands digit of d?
2
Let m(g) = g**2 - 22*g + 21. Let d be m(21). Suppose d = -29*u + 22*u - 42. What is the units digit of 234/14 + u/(-21)?
7
Let p(a) = -3*a - 21. Let y(x) = -3*x - 20. Let w(f) = -4*p(f) + 5*y(f). Let l be w(-7). Let m(g) = g + 10. What is the units digit of m(l)?
5
Suppose 586706 = -192*a + 4149266. What is the thousands digit of a?
8
Let z = -89 - -112. Suppose -z*h + 26*h - 30 = 0. What is the tens digit of h?
1
What is the ten thousands digit of (-687578780)/(-13720) - (0 - (-1)/14)?
5
What is the tens digit of 1 + 1959 - (-4)/(-8)*0?
6
Let w(t) = 115*t**2 - t. Let h be w(-1). Suppose -j - j - h = -a, -3*a + 328 = 4*j. What is the units digit of a?
2
Let q be ((-17334)/(-72))/(12/64). Let a = q + -843. What is the hundreds digit of a?
4
Let b be 0/((-1)/(((-6)/3)/(-2))). Suppose b = j - 5*q - 635, 5*j + 27*q - 23*q = 3320. What is the tens digit of j?
6
Let l be 12000/135 + (-1)/(-9). Suppose 0 = -l*g + 86*g. Suppose g = -12*z + 17*z - 60. What is the units digit of z?
2
Let n(t) = 27*t - 74. Let j be n(-5). Let z = j - -419. What is the hundreds digit of z?
2
Let r = 402 + -716. Let t = -145 - r. What is the hundreds digit of t?
1
Let l = -30 + 21. What is the tens digit of 33/22 - (-2)/(-4) - l?
1
Suppose r - 20 = -5*f, 0*r + r - 5 = 0. Suppose 5*i + 258 - 724 = -3*z, 0 = f*z - 5*i - 446. Suppose 5*d - 328 = z. What is the tens digit of d?
9
Let u be (8/(-8))/((-2)/5218). Suppose -3*h - 5*l + 1584 = 0, -6*h + h + 2*l + u = 0. What is the hundreds digit of h?
5
Let b = 313 + -295. What is the units digit of (-48)/b*(-393)/2?
4
Let i(y) = 2*y - 34. Let t be i(18). Suppose 3*v - 13 = -t*n, 5*n = v + 2*v - 20. Let f = -3 + v. What is the units digit of f?
2
Let f = 111 - 111. Suppose y + n - 1230 = f, 0 = -4*n + 2*n + 8. What is the units digit of y?
6
Let o(r) = -12*r - 7. Let i(y) = -60*y - 36. Let m(q) = -3*i(q) + 14*o(q). Let n be m(-8). Let w = -23 - n. What is the tens digit of w?
6
Let m(b) = 4*b + 4*b - 24 - 1. Let l be m(15). Let n = l - 21. What is the tens digit of n?
7
Let t = 42 - 33. Suppose -3*v - 3 = -2*o + 5, -8 = 5*v + 2*o. What is the units digit of (t - -163)*v/(-4)?
6
Suppose 4*f = -45 + 25. Let l(b) = -46*b + 47. Let x be l(f). Let s = -93 + x. What is the units digit of s?
4
Let k(j) = 20*j**3 - 9*j**2 + 39*j - 22. What is the tens digit of k(4)?
7
Let s(g) = g**3 - 18*g**2 - 20*g + 30. Let t = 7 - -12. Let q be s(t). Let r = q + 32. What is the tens digit of r?
4
Suppose 2*l - 88 = -4*n, -4*n + 80 = -l - l. Suppose -21402 = -n*o - 5883. What is the units digit of o?
9
Let y(s) = -s**3 + 28*s**2 + 52*s + 25. Let t be y(28). Suppose -t = -20*k + 879. What is the units digit of k?
8
Suppose 38*w - 26399 - 395705 = 0. What is the thousands digit of w?
1
Suppose -12*x = -10*x. Suppose 285 = 5*a - x*a + 5*y, 206 = 3*a - 4*y. Let r = a + -35. What is the tens digit of r?
2
Let m be (-60)/75 + 0 + 2097/15. Suppose -354 - m = -3*z + 5*v, v = -4*z + 665. What is the tens digit of z?
6
Let n = 7001 + -1879. What is the thousands digit of n?
5
Let k be 6*((-15402)/12)/(-17). Suppose 152*n - 149*n = k. What is the hundreds digit of n?
1
Suppose -4*f + 13 + 51 = 3*h, -5*h = 5*f - 105. Suppose -5 = 5*v - h. Suppose 5*q + 10 = 0, v*z - 191 = -q + 5*q. What is the units digit of z?
1
Let u = 5956 + 6423. What is the hundreds digit of u?
3
Suppose -a - 18 = -3*a. Let w(c) = -c**3 + 8*c**2 + 6*c + 11. Let o be w(a). Let r(p) = -6*p - 37. What is the tens digit of r(o)?
5
Let p = -193 - -195. Let z = -2 - -3. What is the tens digit of (p + 12)*z/((-4)/(-70))?
4
Suppose 2*n = -3*p + 9739, 4*n + p = 26329 - 6856. What is the hundreds digit of n?
8
Let s(n) = -28*n - 231. What is the tens digit of s(-80)?